-9). Determine o(z).
-1
Let j be 6/10 - 32/(-5). Let b(c) = 10*c + 6 - 2*c - j*c. Let s be -5 - (-1 + (2 - 2)). Determine b(s).
2
Let k(g) = -12*g**2 + 2*g + 3. Let d be 36/(-30)*(-5)/(-2). Let m(b) = -11*b**2 + 3*b + 4. Let p(n) = d*k(n) + 2*m(n). Calculate p(1).
13
Let f(l) = -1 - 2 + l**3 + 4*l - 2 + 1 - 3*l**2. Calculate f(3).
8
Suppose -u = -0*u - 4. Let j(c) = -3*c - 1. Give j(u).
-13
Let f(z) = -5*z**3 + 10*z. Let r(l) = -l**3 - l**2 + l + 1. Let g(n) = -f(n) + 4*r(n). Calculate g(5).
-1
Let b(w) = 0*w**2 + 10*w + w**2 + w**2 - 6*w. Give b(-3).
6
Let v(x) = x**3 + 5*x**2 + 4*x + 4. Let z be v(-3). Let o(c) = 0 - 4 + 5 + z*c + 0. Determine o(-1).
-9
Let c(d) = 7*d**3 - 4*d + 4. Let g(p) = -36*p**3 + 21*p - 21. Let f(q) = -21*c(q) - 4*g(q). Calculate f(1).
-3
Let z(w) = w**2 + 4*w. Let d be z(-3). Let u(l) = -l**2 + l + 4. Let g be u(d). Let r be (-4)/g*(1 + 1). Let f(i) = -7*i - 1. Calculate f(r).
-8
Let k(c) = c - 3. Suppose 3*b + b + 12 = 0. Let s(y) = 2*y - y + 0*y + y**2 + y. Let f be s(b). Determine k(f).
0
Let h be (-112)/(-11) - 6/33. Suppose 0 = -4*g + 6*g + h. Let x(r) = -4*r - 4*r**3 - 2*r + 2*r + 3*r**3 - 6*r**2 + 5. Give x(g).
0
Let j(r) = 9*r**2 - 11*r - 13. Let z(s) = 14*s**2 - 17*s - 20. Let a(w) = -8*j(w) + 5*z(w). Suppose 2*x = 3*x - 3. Give a(x).
-5
Let h(r) = -r**3 + 2*r**2 + 4. Suppose -9 = -4*y + 3. Suppose 2*g - y = 3. What is h(g)?
-5
Suppose -10 = -3*m - 0*x + 2*x, -m = 2*x + 10. Suppose 5*q + 5 = m, 3*q - 70 = 5*z - 2*q. Let t be 1/4 + z/(-4). Let v(n) = n - 5. Determine v(t).
-1
Suppose -5*g + 13 = -12. Let u(r) be the second derivative of -r**4/12 + 7*r**3/6 - 7*r**2/2 - 18*r. Give u(g).
3
Let t(w) = -2*w - 8. Let o(v) = -4*v - 15. Let l(c) = 3*o(c) - 5*t(c). Calculate l(-4).
3
Suppose -2*t - 2*t = -76. Suppose p - 5*s = -s + t, -5*p + 4*s = -31. Let x(u) = 0 + 1 + p*u**2 - 8*u**2. Determine x(1).
-4
Let i(p) = p**2 + 4*p + 1. Let k(t) = 3*t**2 + 3*t + 1. Let h be k(-3). Let v be h/(-4) + (-1)/4. Give i(v).
6
Let l(m) = -m**3 + 3*m**2 - 2*m. Let j(d) = d**2 - 4*d - 3. Let z be j(4). Let c = -1 - z. Determine l(c).
0
Let t(b) = 5*b + 48 - 3*b - 43. Determine t(-5).
-5
Let x(r) = r**2 - 24*r + 77. Let w be x(20). Let d(o) = -2*o - 2*o**2 - 1 + 2 + o**2. Give d(w).
-2
Let u(n) = 10*n - 21*n + 10*n. Give u(-3).
3
Suppose -r - 10 = 5*z, 3*z = -3*r - 2 - 4. Let o(i) be the first derivative of 2*i**3/3 + 3*i**2/2 + 3*i + 1. Determine o(z).
5
Let u(y) = y**2 + 3 - 4*y - 2*y - 1. Let n(j) = -2*j**2 + 7*j - 3. Let h(t) = 3*n(t) + 4*u(t). Let x(k) be the first derivative of h(k). Calculate x(-2).
5
Let o(m) = -2*m**2 - 7*m**2 + 13*m**3 + 10*m**2 + 1 + 2*m + 0*m. Determine o(-1).
-13
Let r(a) = a - a**3 + 2 - 2*a**2 - a + 2*a. Suppose 2*g - 4*g = 4*x + 18, 5*g - 5*x = 0. What is r(g)?
5
Suppose 0 = 3*s - d + 3*d + 18, 5*s - 3*d + 30 = 0. Let q(b) = b**3 + 7*b**2 + 6*b - 5. Give q(s).
-5
Let g(r) = r + 10. Let a be ((-5)/(-10))/1*0. What is g(a)?
10
Let o(l) = -l. Suppose -d = d - 2. Let w(v) = 6*v - 4. Let m(f) = d*w(f) + 4*o(f). Suppose 0 = 3*p - 5*q - 27, q = p - 2*q - 13. Calculate m(p).
4
Let b(m) = -3*m + 1. Let k = 6 - 3. Let l(y) = y + 2*y**3 - 3*y**k + 2 - 3. Let h be l(1). Calculate b(h).
4
Let r be (-2 - 0)*3/(-3). Suppose 4 = 4*f - r*f. Let y(a) = a**2 - 2*a + 2. What is y(f)?
2
Suppose 0 = 4*h - 20, -2*k + 5*h = -7*k + 40. Let t(s) = -2 + 0*s**k + 3 - 2*s**2 + s**3. Let o(v) = 2*v - 1. Let j be o(1). Calculate t(j).
0
Let k(o) be the second derivative of o**3/6 + 9*o**2/2 + o. Let x = 3 - 16. Let u = x + 13. Determine k(u).
9
Let s(n) = 2*n - 5. Suppose -5*z - 6 = -3*t, -5*t + 5*z + 5 = -5. Let r be 15/(-9)*(t - 5). Give s(r).
5
Suppose 5*k = 2*k - 24. Let d = k + 5. Let b(h) = -h - 1. Let f(g) = -1. Let u(i) = b(i) - 2*f(i). Calculate u(d).
4
Let l(c) = 2*c**3 - 2*c**2 + c - 3 - 3*c**3 - c**2. Let g(n) = -n**2 + 4*n. Let h be g(4). Let q be (-5)/(15/9) + h. Give l(q).
-6
Suppose -10*y + 5*y = 5. Let t be ((-2)/6)/(y/6). Let h(j) = j**3 - 4*j**2 + j + 1. Calculate h(t).
-5
Let u be 15*(4/(-10))/(-1). Let y(t) = -5*t + t**2 + 0 + 0*t**2 - 6. What is y(u)?
0
Suppose -13 = 9*o - 4. Let b(f) = -2*f. Determine b(o).
2
Let j(s) = -2*s**3 - 23*s**2 - s + 7. Let t(u) = u**3 + 11*u**2 - 3. Let l = 4 - -9. Let p(a) = l*t(a) + 6*j(a). What is p(-6)?
3
Let z(m) = 4*m - 3. Let r be 1 - -1 - (-2)/1. Suppose -4*b - 4 = r. Let o be 0 + b - -2*2. What is z(o)?
5
Let f(v) be the first derivative of v**7/840 + v**6/72 - v**5/20 + v**4/24 + v**3/3 - 2. Let n(g) be the third derivative of f(g). Let j = 4 - 10. Give n(j).
1
Let j(z) = z**3 - 4*z**2 - 7*z - 2. Let d(u) = -u**2 + 6*u - 3. Let y be d(5). Let n be 10/2*(y + -1). What is j(n)?
-12
Suppose i - 3*s - 13 = 0, -3*i - 2*s + 2 = -4. Let h = i + -6. Let a(y) = -y**3 - y**2 + 2*y + 3. Calculate a(h).
3
Let w(l) = l + 1. Let r be w(-1). Let f(a) be the third derivative of 0*a + 1/6*a**4 + 1/6*a**3 + r - 2*a**2. What is f(1)?
5
Let o(u) = -2*u + 6. Let n be o(5). Let w(g) = 5*g + 2. Let q(v) = v. Let h(x) = -4*q(x) + w(x). What is h(n)?
-2
Let i = 26 + -17. Let h(r) = 4*r - 1 - 5*r - i*r + 2*r. Give h(1).
-9
Let k(f) = 19*f + 22*f - 65*f + 29*f. Determine k(1).
5
Let w(f) = -f**3 + 2*f**2 + 4*f - 4. Let a be w(3). Let d(l) = 3*l**2 - 2*l - 1. Give d(a).
4
Let o be 6/12 + 13/(-2). Let d(u) = u**3 + 7*u**2 + 7*u + 1. What is d(o)?
-5
Let f(h) = h**3 + 6*h**2 + 8*h + 6. Suppose -q = 4*m + 25, 2*m - 2*q - 10 = 2*q. Calculate f(m).
-9
Let g = -39 + 79/2. Let p(f) be the first derivative of 1 + g*f**2 - 10*f. Determine p(5).
-5
Let x(b) = 5*b - 1. Let d be 2*1/(-1 - -3). Suppose -4*m + 9 - d = 0. What is x(m)?
9
Let v be (52/8)/(2/4). Let m = -12 + v. Let l(o) = -3*o + 1. What is l(m)?
-2
Let s(m) = -m**3 - 5*m**2 - 4*m - 2. Suppose 0 = -4*d + i - 10, -3*i + 4 = 2*d + i. Give s(d).
-6
Suppose -3*a - f = 11, -10 = 5*a - f + 3. Let q(p) = -2*p**3 - 4*p**2 + 2*p + 4. Calculate q(a).
16
Let y(f) be the third derivative of 0*f**3 + 0 - 1/40*f**5 - 1/12*f**4 + 1/360*f**6 + 0*f + f**2. Let u(i) be the second derivative of y(i). Determine u(3).
3
Let x(u) = 2*u**2 + 3*u + 1. Let f(l) = -l**2 + 11*l - 3. Let q be f(11). Calculate x(q).
10
Let v(x) = -x**3 + 7*x**2 - 6*x + 7. Suppose 0 = 8*t - 11*t - 3. Let s be (-2*2)/(t - -3). Let m be -1 + s - (-27)/3. Calculate v(m).
7
Let d(q) = q**2 - q - 1. Let y be d(-1). Let b(i) = -2*i - 6*i**2 + y + 5*i**2 + i. Give b(0).
1
Let q(b) be the first derivative of -6 + 6 - b**2 + 5 + b. Determine q(-4).
9
Suppose r + r + 17 = -3*g, 8 = 2*r - 2*g. Let q(y) = -10*y + 1. Determine q(r).
11
Let j(o) = 2*o + 5. Suppose -4*t - 25 = h, -5*t - 2*h = 35 - 3. What is j(t)?
-7
Let t(x) = x**2 + 5*x + 5. Let z be t(-5). Let h(q) = -1 - z + 35*q**2 + 4 - 41*q**2 + q**3. Calculate h(6).
-2
Let l(r) be the second derivative of r**5/20 + 5*r**4/12 - r**3/6 - 5*r**2/2 - 3*r. What is l(-5)?
0
Let h(w) = -13*w**2 - 5*w + 3*w**2 + 2 + 14*w + w**3. Let g be h(9). Let p(m) = 4*m - 4*m - m**g + 4*m**3 + 0*m**3. Give p(1).
3
Let d(a) = -a + 3. Let h be d(3). Let g = 14 + -12. Let i(s) = 1 - s**g + s - 1 + 0 - 3. What is i(h)?
-3
Let g(z) be the third derivative of 0 - 6*z**2 + 1/3*z**3 + 1/30*z**5 + 1/6*z**4 + 0*z. Give g(-3).
8
Let i(x) be the first derivative of 2*x**2 - 3*x + 7. Calculate i(2).
5
Let y(k) = k + 1. Let p(h) = -1 + 2 - 3*h + 3 - 2. Let d(r) = -p(r) - 4*y(r). Calculate d(-5).
-1
Let p(t) = 4*t - 7. Let a(x) = 20*x - 34. Let f(k) = 3*a(k) - 14*p(k). Calculate f(3).
8
Let i(r) = -3*r - 1. Let g(k) = -k**2 - 4*k + 3. Let m be g(-4). Let w(p) = -2 + 2*p + 2. Let q(a) = m*i(a) + 2*w(a). Calculate q(-2).
7
Let t(l) = -l**3 + l**2 - l - 1. Suppose 4 + 2 = -w. Let q(y) = -5*y**3 + y**2 - 7*y - 10. Let z(d) = w*t(d) + q(d). Give z(5).
-9
Let k = 8 + 7. Suppose -4*f = k + 1. Let z(s) = -s**3 - 4*s**2 - 3*s - 3. Calculate z(f).
9
Let v(n) be the second derivative of -1/12*n**4 + 0 + 3/2*n**2 + 2*n + 5/6*n**3. Let x(r) be the first derivative of v(r). Calculate x(5).
-5
Let m be (16/(-6))/((-6)/9). Let d = m + -2. Let p(x) = 1 - 4*x**2 - x**2 + x**2 - 2*x + 3*x**d. Give p(-2).
1
Let f(k) = -k**2 + 11*k + 3. Let q(x) = -x**2 + 12*x + 4. Let j(c) = -5*f(c) + 4*q(c). Give j(6).
-5
Let u(y) = y**3 + 5*y**2 + 3*y. Let c(h) = h**3 + 15*h**2 + 13*h - 16. Let v be c(-14). Calcul